.
2, 223
What are the prime factors of 44471?
7, 6353
What are the prime factors of 84216?
2, 3, 11, 29
List the prime factors of 1604.
2, 401
List the prime factors of 1373.
1373
What are the prime factors of 71127?
3, 7, 1129
List the prime factors of 1910.
2, 5, 191
What are the prime factors of 107871?
3, 41, 877
What are the prime factors of 2900?
2, 5, 29
List the prime factors of 17561.
17, 1033
What are the prime factors of 55062?
2, 3, 7, 19, 23
List the prime factors of 27704.
2, 3463
List the prime factors of 25970.
2, 5, 7, 53
List the prime factors of 6169.
31, 199
What are the prime factors of 14610?
2, 3, 5, 487
What are the prime factors of 3704?
2, 463
List the prime factors of 79078.
2, 19, 2081
List the prime factors of 24628.
2, 47, 131
List the prime factors of 382.
2, 191
List the prime factors of 2769.
3, 13, 71
What are the prime factors of 1931?
1931
List the prime factors of 1990.
2, 5, 199
List the prime factors of 6505.
5, 1301
What are the prime factors of 29471?
13, 2267
What are the prime factors of 47901?
3, 7, 2281
List the prime factors of 5277.
3, 1759
List the prime factors of 1449.
3, 7, 23
List the prime factors of 18777.
3, 11, 569
What are the prime factors of 1265?
5, 11, 23
What are the prime factors of 1389?
3, 463
List the prime factors of 732.
2, 3, 61
List the prime factors of 18205.
5, 11, 331
What are the prime factors of 466?
2, 233
What are the prime factors of 2363?
17, 139
What are the prime factors of 520?
2, 5, 13
What are the prime factors of 2175?
3, 5, 29
What are the prime factors of 15749?
15749
List the prime factors of 11985.
3, 5, 17, 47
What are the prime factors of 25361?
7, 3623
What are the prime factors of 594?
2, 3, 11
List the prime factors of 3901.
47, 83
List the prime factors of 8528.
2, 13, 41
List the prime factors of 22113.
3, 7, 13
List the prime factors of 57094.
2, 28547
What are the prime factors of 71676?
2, 3, 11, 181
List the prime factors of 135370.
2, 5, 13537
List the prime factors of 12105.
3, 5, 269
What are the prime factors of 6396?
2, 3, 13, 41
What are the prime factors of 1616?
2, 101
List the prime factors of 50581.
50581
List the prime factors of 10533.
3, 3511
What are the prime factors of 796?
2, 199
What are the prime factors of 37052?
2, 59, 157
List the prime factors of 4676.
2, 7, 167
List the prime factors of 13370.
2, 5, 7, 191
List the prime factors of 761.
761
What are the prime factors of 43716?
2, 3, 3643
What are the prime factors of 1737?
3, 193
What are the prime factors of 7459?
7459
List the prime factors of 11192.
2, 1399
What are the prime factors of 588?
2, 3, 7
List the prime factors of 17020.
2, 5, 23, 37
List the prime factors of 7441.
7, 1063
What are the prime factors of 557?
557
List the prime factors of 10220.
2, 5, 7, 73
List the prime factors of 63215.
5, 47, 269
What are the prime factors of 1677?
3, 13, 43
List the prime factors of 20872.
2, 2609
List the prime factors of 7740.
2, 3, 5, 43
What are the prime factors of 362?
2, 181
List the prime factors of 803.
11, 73
List the prime factors of 3003.
3, 7, 11, 13
List the prime factors of 2207.
2207
List the prime factors of 878.
2, 439
What are the prime factors of 673?
673
What are the prime factors of 8338?
2, 11, 379
List the prime factors of 461.
461
What are the prime factors of 725?
5, 29
What are the prime factors of 3398?
2, 1699
What are the prime factors of 91010?
2, 5, 19, 479
List the prime factors of 11061.
3, 1229
List the prime factors of 29986.
2, 11, 29, 47
List the prime factors of 3000.
2, 3, 5
What are the prime factors of 2413?
19, 127
List the prime factors of 59961.
3, 11, 23, 79
What are the prime factors of 528?
2, 3, 11
List the prime factors of 1156.
2, 17
List the prime factors of 1676.
2, 419
What are the prime factors of 886?
2, 443
What are the prime factors of 62102?
2, 31051
List the prime factors of 74687.
74687
List the prime factors of 167.
167
List the prime factors of 7070.
2, 5, 7, 101
List the prime factors of 742.
2, 7, 53
What are the prime factors of 54415?
5, 10883
What are the prime factors of 1071?
3, 7, 17
List the prime factors of 583.
11, 53
List the prime factors of 4876.
2, 23, 53
List the prime factors of 1925.
5, 7, 11
What are the prime factors of 9557?
19, 503
List the prime factors of 159107.
13, 12239
What are the prime factors of 15839?
47, 337
List the prime factors of 45705.
3, 5, 11, 277
List the prime factors of 40595.
5, 23, 353
What are the prime factors of 40470?
2, 3, 5, 19, 71
What are the prime factors of 3874?
2, 13, 149
List the prime factors of 308.
2, 7, 11
List the prime factors of 31405.
5, 11, 571
What are the prime factors of 930?
2, 3, 5, 31
What are the prime factors of 114?
2, 3, 19
List the prime factors of 13645.
5, 2729
What are the prime factors of 1508?
2, 13, 29
What are the prime factors of 87638?
2, 29, 1511
List the prime factors of 3250.
2, 5, 13
List the prime factors of 3473.
23, 151
List the prime factors of 1129.
1129
What are the prime factors of 742?
2, 7, 53
List the prime factors of 5748.
2, 3, 479
What are the prime factors of 10730?
2, 5, 29, 37
What are the prime factors of 26536?
2, 31, 107
What are the prime factors of 50038?
2, 127, 197
List the prime factors of 13267.
13267
What are the prime factors of 9826?
2, 17
What are the prime factors of 3511?
3511
What are the prime factors of 1707?
3, 569
List the prime factors of 4084.
2, 1021
What are the prime factors of 3992?
2, 499
What are the prime factors of 37907?
37907
What are the prime factors of 975?
3, 5, 13
List the prime factors of 29351.
7, 599
List the prime factors of 1017.
3, 113
List the prime factors of 26577.
3, 2953
List the prime factors of 29196.
2, 3, 811
List the prime factors of 7464.
2, 3, 311
What are the prime factors of 459?
3, 17
List the prime factors of 6445.
5, 1289
What are the prime factors of 655?
5, 131
List the prime factors of 1782.
2, 3, 11
List the prime factors of 39.
3, 13
List the prime factors of 21251.
79, 269
List the prime factors of 931.
7, 19
List the prime factors of 38411.
71, 541
What are the prime factors of 185359?
185359
What are the prime factors of 1105?
5, 13, 17
List the prime factors of 934.
2, 467
List the prime factors of 28149.
3, 11, 853
What are the prime factors of 3589?
37, 97
What are the prime factors of 1524?
2, 3, 127
List the prime factors of 21678.
2, 3, 3613
What are the prime factors of 141061?
141061
What are the prime factors of 96110?
2, 5, 7, 1373
List the prime factors of 149.
149
What are the prime factors of 11923?
11923
What are the prime factors of 200?
2, 5
List the prime factors of 4393.
23, 191
List the prime factors of 7838.
2, 3919
What are the prime factors of 961?
31
List the prime factors of 3028.
2, 757
What are the prime factors of 27095?
5, 5419
List the prime factors of 15884.
2, 11, 19
List the prime factors of 684.
2, 3, 19
List the prime factors of 287.
7, 41
What are the prime factors of 1663?
1663
What are the prime factors of 7573?
7573
List the prime factors of 12947.
11, 107
List the prime factors of 71788.
2, 131, 137
What are the prime factors of 6089?
6089
What are the prime factors of 8535?
3, 5, 569
List the prime factors of 27459.
3, 113
What are the prime factors of 11541?
3, 3847
What are the prime factors of 2619?
3, 97
List the prime factors of 95478.
2, 3, 15913
List the prime factors of 949.
13, 73
What are the prime factors of 5317?
13, 409
List the prime factors of 1993.
1993
List the prime factors of 495.
3, 5, 11
List the prime factors of 2583.
3, 7, 41
What are the prime factors of 5756?
2, 1439
List the prime factors of 7574.
2, 7, 541
What are the prime factors of 5244?
2, 3, 19, 23
What are the prime factors of 7239?
3, 19, 127
What are the prime factors of 2412?
2, 3, 67
What are the prime factors of 1484?
2, 7, 53
List the prime factors of 932.
2, 233
What are the prime factors of 993?
3, 331
What are the prime factors of 3972?
2, 3, 331
What are the prime factors of 641?
641
What are the prime factors of 8480?
2, 5, 53
What are the prime factors of 190?
2, 5, 19
What are the prime factors of 22746?
2, 3, 17, 223
What are the prime factors of 1399?
1399
What are the prime factors of 600?
2, 3,